-g(y) + 4*q(y). Let l(x) = 3*w(x) - 2*z(x). Give l(-6).
11
Let a(f) be the third derivative of f**5/60 + f**4/3 + 5*f**3/3 - f**2. What is a(-7)?
3
Suppose 5*h = -0*p - 4*p - 16, 2*p = 5*h - 8. Let j = -5 + 9. Let s(k) = -5*k**2 + j*k**2 + 14 - 17 + 10. Determine s(h).
7
Let s(y) = y**2 - 4*y + 1. Let g(q) = q**2 + 2*q - 3. Let u be g(2). Suppose 4*k - 224 = -3*x, -3*k + u*k - 78 = -x. Let w be x/18 - 4/(-18). What is s(w)?
1
Let q(t) = -t**2 + 2*t. Suppose -a - 20 = 3*a. Let v be 3*(-6)/9 - a. Determine q(v).
-3
Let h(a) = 0*a + 2*a - 3*a**3 + 2*a**3 - 1. Let k be (-7)/2*(-4)/7. Calculate h(k).
-5
Let a(d) be the third derivative of -d**4/24 + d**3/3 - 10*d**2. What is a(1)?
1
Let d(l) = -l**3 + 3*l**2 + 5*l + 5. Let b = -34 - -39. Give d(b).
-20
Let y = -12 + 17. Let i(f) = -1 + 2*f - 34*f**2 + 2*f - 29*f**2 + 62*f**2. Determine i(y).
-6
Let y(n) be the first derivative of 7*n**2/2 - n - 1. Let r(s) = -s**2 - 5*s + 1. Let p be r(-5). Suppose 6*g = -p - 5. Calculate y(g).
-8
Let h(t) = 6*t**3 - 44*t**2 - 45*t + 55. Let k(o) = o**3 - 9*o**2 - 9*o + 11. Let u(s) = 2*h(s) - 11*k(s). Determine u(-10).
-1
Let p be (2/1)/(-2)*-2. Suppose -2*a + p = -6. Let k(b) be the second derivative of b**3/3 + b**2 - b. Determine k(a).
10
Let b(d) = 8*d. Let n be (0 + 9)*3/(-9). Let i be (3/n - -2) + 0. Determine b(i).
8
Suppose -q + 3*q + 16 = -u, -15 = 3*q. Let v(j) = -j**2 - 8*j - 7. Determine v(u).
5
Let h(z) = -z**3 - 4*z**2 - 3*z. Suppose -4*r - 52 = -4*t, -3*t = -0*t - 3. Let n be (r/(-18))/((-4)/18). Give h(n).
0
Let q be 15/21 - (-6)/21. Let g(p) = 11*p + 2. Let y(s) = 11*s + 1. Let d = 2 - -1. Let h(w) = d*y(w) - 2*g(w). What is h(q)?
10
Let m(x) be the first derivative of -7*x**3/3 - x**2/2 - 16. What is m(-1)?
-6
Suppose -5 = -5*b + 5*v, 0*b = b + v + 9. Let a(n) = n + 5. Give a(b).
1
Let z(p) = -15*p**3 + 2*p**2 - 3*p - 3. Let d(k) = 22*k**3 - 3*k**2 + 4*k + 4. Let m(f) = -5*d(f) - 7*z(f). Suppose v - 3 = 4*v. Determine m(v).
6
Let w(t) be the second derivative of t**3/6 + 2*t**2 - t. Suppose -2*y + y - 4*c - 3 = 0, c = 0. Give w(y).
1
Suppose 5*o - n + 3*n + 38 = 0, 0 = -n - 4. Let a = -4 - o. Let c(j) = -j. Let y(q) = q. Let x(b) = -c(b) - 2*y(b). What is x(a)?
-2
Let a(n) = 0*n**2 + 27 - 25 - n**2. Give a(-2).
-2
Let r(w) be the first derivative of -w**4/4 - 2*w**3 + w + 1. Let v = -9 - -3. Determine r(v).
1
Let c(a) = -a**3 - 7*a**2 - 7*a - 6. Let z(l) be the first derivative of l**2/2 - l - 1. Let x be z(-5). Calculate c(x).
0
Suppose 2*x + 0 = -4. Let k(a) = -2*a**3 - a**2 + 2*a. Calculate k(x).
8
Let y be 13 + -9 - (2 - -1). Let s(w) = -w**3 - 2*w**2 + 1. What is s(y)?
-2
Let v(t) = 2*t - 5. Let r(k) = -k - 13. Let b be r(-17). What is v(b)?
3
Let o be (-2)/10 - 70/25. Let c(n) = n**2 + n + 2. Calculate c(o).
8
Let j(s) = s**3 - 2*s**2 - s + 4. Let y be j(3). Let f(t) = -2*t + 3*t - 4*t - y*t**2 + 11*t**2 - 5. Give f(6).
13
Let m be (-6 + -4)/2 - -2. Let p(t) = -2*t - 1. What is p(m)?
5
Let a(g) be the second derivative of 1/2*g**2 + 0 + 1/6*g**3 - 4*g. Calculate a(5).
6
Let u(d) = d - 3. Let l = 8 - 5. What is u(l)?
0
Let p = 21 + -22. Let w(k) = 7*k**2 + 2*k + 1. Calculate w(p).
6
Let q(h) = h. Let c(g) = g + 2. Let k be c(2). Suppose 2*s + 28 = -3*t - 3*s, t + 3*s + 16 = 0. Let j = t + k. Determine q(j).
3
Let s(b) = -554*b + 543*b + b**2 + 2 - 2. What is s(9)?
-18
Let m(k) = 2*k + 3. Let l(h) = 2*h**2 - h - 1. Let b be l(-2). Calculate m(b).
21
Let n(v) be the third derivative of -v**5/60 + v**4/8 + 2*v**3/3 - 4*v**2 + 2*v. Give n(3).
4
Let h(u) = -2*u - 4. Let z be h(-5). Suppose 0 = -4*p - c + 21, 4*c - 14 - z = 0. Suppose -3*t + t = p. Let l(f) = -f**3 - 4*f**2 + 2. Give l(t).
-6
Let u(o) = 2*o + 5. Let c(z) = 4*z + 9. Let y be (-60)/(-8) + 2/(-4). Let l(x) = y*u(x) - 4*c(x). Give l(3).
-7
Let m be (1 + (-4 - 0))*2/2. Let k(u) = 2*u**2 + 4*u + 1. What is k(m)?
7
Let k = 13 + -11. Let i(m) = 51 - 50 - k*m + 4*m. Calculate i(-6).
-11
Let n(f) = 6*f**2 - 6*f - 2. Let z(c) = -5*c**2 + 5*c + 2. Let a(m) = -6*n(m) - 7*z(m). Let r = -9 + 9. Calculate a(r).
-2
Let a(q) = q**2 + 4*q - 2. Let c be 47/(-9) - (129/27 - 5). What is a(c)?
3
Let v(t) be the second derivative of 0 + 0*t**3 - 2*t - 1/12*t**4 - 3*t**2. What is v(0)?
-6
Suppose 2*w = -2*a - 8, -5*w + 2*a - 5 - 1 = 0. Let r(m) = -2. Let i(d) = -d + 5. Let y(b) = 3*i(b) + 8*r(b). Give y(w).
5
Let j(f) = -f + 2. Let x be -1 - -2 - (-1 + 6). Calculate j(x).
6
Let t(s) be the first derivative of s**4/3 - s**3/6 - s**2/2 + 4*s - 5. Let b(q) be the first derivative of t(q). What is b(-1)?
4
Let k be (-6)/(-9)*45/(-6). Let x = k + 10. Suppose x*j = -2 + 7. Let t(n) = -n**3 - n**2 - n + 1. What is t(j)?
-2
Let v be (-3)/(-2 - -5) + 3. Suppose -v*c = 3*c. Let z(g) = g - 3. What is z(c)?
-3
Let x = -1 - -4. Suppose -x*w + 10 = -w. Let f(p) = -p - 3. Determine f(w).
-8
Let d be 16/2 - (4 - 1). Let z(a) = 3*a + 3 + 4*a**2 - 4*a**2 - a**2. Give z(d).
-7
Let d(f) be the second derivative of -3*f - 1/4*f**4 + 1/6*f**3 + 0 - 2*f**2 - 1/20*f**5. Calculate d(-3).
-7
Let x(n) be the first derivative of -n**2 + 6. Let s be x(0). Let t(y) = -3*y**2 - 1 - 1 + 2*y**2. Determine t(s).
-2
Let q = 20 - -25. Let x(b) = -b - 2. Let t be x(-2). Suppose t = 2*r - 4*l - q + 15, 0 = -3*r - 5*l - 10. Let k(c) = c**2 - 5*c - 3. Give k(r).
-3
Suppose -2*o = -18 - 6. Suppose 5*l - l = o. Let c(r) = -2 - r**2 - 2*r - 6*r + l*r. Determine c(-5).
-2
Let o(t) be the first derivative of -t + 2. Let m(u) be the third derivative of -u**4/24 + 2*u**3 - u**2. Let q(a) = -m(a) - 3*o(a). What is q(5)?
-4
Let s(r) be the second derivative of r**7/840 + r**6/90 - r**5/20 - r**4/12 + r**3/2 + r. Let w(b) be the second derivative of s(b). Determine w(-5).
3
Let j(d) = -d**3 - 4*d**2 - 4*d - 1. Let i be j(-3). Let c(z) = z - 3*z - 9 + i*z + z. Determine c(8).
-1
Let b(r) = -r**3 - 3*r**2 - r + 6. Let p(n) = -3*n**3 - 5*n**2 - 2*n + 13. Let s(y) = 5*b(y) - 2*p(y). What is s(5)?
-1
Let t(y) = -2*y**2 - 5*y + 11. Let k(j) = j**2 + 2*j - 6. Let p(h) = 5*k(h) + 3*t(h). What is p(-5)?
3
Let r be (-1)/(-2)*(-7 + 13). Let t(v) = v**2 + v + v**r + 3 - 2 - 2*v. Let h be 7/(-14)*0/2. Determine t(h).
1
Let k be (0 + -1)/((-7)/35). Suppose 0 = k*f - 4 - 1. Let i(x) = 5*x**3 - x**2 + 2*x. Let j(u) = -u. Let m(h) = f*i(h) + 2*j(h). Give m(1).
4
Suppose -4*z + 8 = -0*z. Let g(f) = -6*f**3 - 2*f + 4*f**2 + 7*f**3 - z + 2*f. Give g(-4).
-2
Let w(l) = -5*l + 6*l - 2*l + 2. Calculate w(5).
-3
Let q(o) = o**2 + 2*o - 5. Let a be q(-4). Let y(t) = -7*t + 4. What is y(a)?
-17
Let f(t) = -2*t. Suppose -2*v + 13 = 5*a + 29, 5*v + 13 = a. What is f(a)?
4
Let b = 4 - -3. Let u(x) be the first derivative of -x**3/3 + 4*x**2 - 3*x - 1. Let d be u(b). Let y(n) = -n + 8. Calculate y(d).
4
Let h(z) be the first derivative of 1/2*z**2 + 2 + 0*z. Suppose -4*r = -b - 15, -r - 2*r = -12. Give h(b).
1
Let z(o) = o**3 - 12*o**2 + 11*o + 1. Let s be 3*((4 - 1) + 16/24). What is z(s)?
1
Suppose 4*g - 36 = g. Suppose 0*c = c - 2. Let w(o) = g - 7 - 4*o - c. Calculate w(2).
-5
Let a(g) be the first derivative of 3*g**2/2 - 1. Let i = 10 - 7. Suppose -1 = -i*u + 2*u. Give a(u).
3
Let l(z) be the third derivative of z**4/24 + 7*z**3/6 + 2*z**2. What is l(-5)?
2
Let x(k) = 4*k - 4. Let t = -1 - -5. What is x(t)?
12
Suppose 0 = -2*x - 2 - 6. Let i(a) = 6*a + 0*a**2 - a**3 + 0 - 2*a**2 + 4. What is i(x)?
12
Let n(v) = 13*v**3 - 13*v**2 + 3*v + 13. Let x(p) = 7*p**3 - 7*p**2 + 2*p + 7. Let i(j) = 6*n(j) - 11*x(j). Give i(3).
7
Let s(p) = p**2 - 5*p + 4. Let r = 36 - 33. Determine s(r).
-2
Let o(u) = -u**3 - 2*u**2 + 5*u + 2. Let n be (15/20)/(1/(-4)). What is o(n)?
-4
Suppose -2*i = 3*c - i + 9, -5*i + 19 = -c. Let w(l) = 7*l**2 + 11*l - 3. Let m(z) = -20*z**2 - 32*z + 8. Let s(d) = -6*m(d) - 17*w(d). Give s(c).
-1
Let x = 29 - 26. Let j(t) = -t**3 + 4*t**2 - 3*t - 3. Determine j(x).
-3
Let t(x) be the first derivative of -x**7/840 + x**6/72 - x**5/40 - x**3 - 1. Let m(l) be the third derivative of t(l). Determine m(3).
9
Let g(z) be the first derivative of -3*z**2 + 2 + 3*z - 1/4*z**4 + 2*z**3. What is g(5)?
-2
Suppose -4*w = 2*l + 14, -5*w + 4*l = 7 + 30. Let i(j) = -3*j - 3. What is i(w)?
12
Let f(r) = 128 - 70 - 63 - 4*r + 2*r. Give f(-4).
3
Let w(u) = 3*u + 4. Let f(a) = -2*a